ors of (-85)/255 + (-8650)/(-3)?
3, 31
Let t be (-332)/(-24) - 1/(-6). Let w be 0*(3 + t/(-4)). Suppose w = 4*s - 93 - 23. List the prime factors of s.
29
Let r = -1589 + 986. Let p be (-2)/5 - r/45. Suppose -p*y + 15*y = 70. List the prime factors of y.
5, 7
Suppose 0 = 8*x + 6116 - 16260. List the prime factors of x.
2, 317
Let i(o) = 4*o**2 - 6*o + 11. Let l = -62 - -66. List the prime factors of i(l).
3, 17
Let f(k) = k**3 - 6*k**2 + 2*k - 6. Let x be f(6). Suppose 10*r - x*r - 4 = 0. List the prime factors of 7 + -5 + r/1.
3
Let i = -655 - -986. List the prime factors of i.
331
Let y = -868 + 1058. List the prime factors of y.
2, 5, 19
Let f(t) = t**2 - 10*t - 10. Suppose -23 = -y + 3*j, 0 = 3*y + 3*j - 7*j - 64. What are the prime factors of f(y)?
2, 5, 19
Let n(y) = -11*y - 2*y**2 - 6 + 2*y**2 - y**3 - 4*y**2 + 4*y. List the prime factors of n(-4).
2, 11
Suppose 0 = -2*m - k + 4069, -4*k - 1 = -13. List the prime factors of m.
19, 107
Let a(t) = -234*t - 23. What are the prime factors of a(-4)?
11, 83
Let u = 1458 + -1102. What are the prime factors of u?
2, 89
Let j = 1253 + -751. List the prime factors of j.
2, 251
Suppose -65 = 5*z + 5*o, o + 3*o - 18 = 3*z. What are the prime factors of 321/21 + z/35?
3, 5
Suppose -13472 = -5*m + 3*n, 3*m = 10*n - 7*n + 8088. What are the prime factors of m?
2, 673
Suppose 1007*s + 2835 = 1010*s. List the prime factors of s.
3, 5, 7
List the prime factors of (-295 + 2)/(0 - 3/21).
7, 293
Suppose 2*w + 3*o = 5*o + 194, 0 = 2*w - 3*o - 193. Suppose -6*r = -4*r - w. What are the prime factors of r?
7
Suppose 7*c = 6*c - 293. Let q = -154 - c. What are the prime factors of q?
139
Suppose 0 = 106*o - 104*o - 394. List the prime factors of o.
197
Suppose 16 = 3*t + t. Suppose 0*c = 2*c + d + 20, -t*d + 40 = -4*c. List the prime factors of (-18)/(-30) - 294/c.
2, 3, 5
Suppose 3*b + 0*b - 5781 = 0. Let c = 1095 - b. List the prime factors of c/(-60) + (-4)/(-30).
2, 7
Suppose -5*w - 4*b + 75 = 0, -3*b + 60 - 12 = 3*w. Suppose -4*c - 5*d + 111 = -2, -4*d + 130 = 5*c. Suppose -c = -3*j + w. What are the prime factors of j?
11
Suppose -4*f = -4*r, 0*r - r = 5*f - 18. Suppose c = -w + 239, r*c = w + 236 + 489. What are the prime factors of c?
241
Let j(o) = -3*o + 3 - 1 + 4*o. Suppose 4*t - 52 = 20. What are the prime factors of j(t)?
2, 5
Suppose -10*q - 154 = -5*c - 7*q, 2*q - 4 = 0. What are the prime factors of c?
2
Suppose -3*g = -4*x + 574 - 2448, 5*g = -5*x + 3135. List the prime factors of g.
2, 313
Let l(j) = 60*j**2 + 43*j + 141. List the prime factors of l(-3).
2, 3, 23
Let i = 7 + 14. Let l be (-2)/7 + 363/i. Suppose l*s = 12*s + 325. List the prime factors of s.
5, 13
Let w(s) = 20*s**3 - 38*s**2 + 5*s - 11. List the prime factors of w(5).
2, 17, 23
What are the prime factors of (93/(-62))/(6/(-2752))?
2, 43
Suppose 0 = -o + 2*i + 2571, i - 6896 = -6*o + 8556. List the prime factors of o.
5, 103
What are the prime factors of (-1)/(-4) + 21210/56?
379
Suppose 4*z = 3*i + 13, 5*z + i = -0*i + 2. Let p(b) = 10*b + 1. Let j be p(z). Suppose 5*t = -j + 261. List the prime factors of t.
2, 5
Let w be (-3)/21 - (-2140)/(-14). Let c = w - -220. What are the prime factors of c?
67
Let v(f) = f**2 - 12. Let s be v(6). Let g = 37 - s. List the prime factors of g.
13
Let l(d) = -d**2 + d + 1. Let r be l(2). Let p be 10 - 12 - (0 + -25). What are the prime factors of 1 + p - (r - -1)?
2, 3
Suppose -5*l + 8230 = 5*g, -5*g + 4*l + 10769 = 2512. List the prime factors of g.
17, 97
Let q = 75 - 54. Let d = q + -8. List the prime factors of d.
13
Suppose 3 = -4*h - 1. What are the prime factors of h/(2/114*-1)?
3, 19
Let j(l) = 3*l + 25. Let t(p) = -11*p - 74. Let w(a) = 7*j(a) + 2*t(a). List the prime factors of w(16).
11
Let r(t) = -2*t - 8. Let k be r(-3). What are the prime factors of 166/(-3 - k)*2/(-4)?
83
Suppose 0 = -5*f + p - 345, -5*p - 95 = f - 0*p. Let j be (-4)/14 + (-4)/(-14). List the prime factors of f/(-3 + 1 - j).
5, 7
Let n = 1218 - 503. What are the prime factors of n?
5, 11, 13
Let v(c) = -c**2 - 2*c - 7. Let p be v(-4). Let g be -20*((-18)/p)/(-3). Suppose -5*b = -313 + g. List the prime factors of b.
61
Let g(h) = -h**2 - 5*h + 4. Let u be g(-5). Let n = u - 2. What are the prime factors of (n + -1)/((-3)/(-45))?
3, 5
Let s(j) = 25*j**2 + 12*j - 52. What are the prime factors of s(6)?
2, 5, 23
Let r = 4 + -3. Let t(u) = 4*u - 2. Let d be t(r). Suppose 16 = -4*x, -d*n + 6 = 2*x + 2. What are the prime factors of n?
2, 3
Let m(h) = -20*h + 41. List the prime factors of m(-8).
3, 67
Suppose 3*u = -b + 6*b - 20, -5*u + 8 = 2*b. Suppose -2*s = 5*f - 45, 4*s = 2*f + 78 - 24. Suppose b*i + s = 59. List the prime factors of i.
11
Suppose -35*w = -48*w + 14807. List the prime factors of w.
17, 67
Let m(l) = 166*l**2 + 161*l**2 - 326*l**2 + 67. Let f be -2 - 2/(-3)*3. List the prime factors of m(f).
67
Let m = 68 + -61. Suppose 0 = i + 4*a - 104, m*i - 4*a - 172 = 5*i. List the prime factors of i.
2, 23
Suppose -9*i + 3601 = -1088. List the prime factors of i.
521
Suppose 2*w + 3*w + 425 = 0. List the prime factors of w/2*(-24)/30.
2, 17
Let x = 358 - 171. List the prime factors of x.
11, 17
Let t(g) = 1677*g**3 + 4*g**2 - g - 3. List the prime factors of t(1).
3, 13, 43
Let w(z) = z**2 + 11*z + 15. What are the prime factors of w(-23)?
3, 97
What are the prime factors of 1/(-3)*(-89 - -11)?
2, 13
Let x(u) = u**3 - 8*u**2 - 8*u - 14. Let k be x(9). What are the prime factors of 9 + k - -29 - (3 - 2)?
2
List the prime factors of 307*(32/24 + (-2)/(-3)).
2, 307
Let w(x) = -4*x**3 - 17*x**2 + 8*x + 24. What are the prime factors of w(-6)?
2, 3, 19
What are the prime factors of -4 - -128 - (-2 - -7*1)?
7, 17
Let o(b) = 2*b**3 - 3*b**2 - 4*b + 1. Let f be 4 + (-2 - -2)/(-2). Let i be o(f). Let t = -34 + i. List the prime factors of t.
31
Let t(i) = -i**2 + 4*i + 30. Let h be t(-6). Let f = 109 + -199. List the prime factors of (-394)/h - (-12)/f.
13
Let c = -118 + 140. What are the prime factors of (4/c + 45/(-66))*-102?
3, 17
Let z = 32 - 5. Let u(d) = 8*d - 40. Let n be u(3). Let r = n + z. List the prime factors of r.
11
Let t(f) = 122*f**2 + f + 2. List the prime factors of t(2).
2, 3, 41
Suppose 4*n - r = -3 - 2, 0 = 4*n - 2*r + 6. List the prime factors of (39/(-12) - -5)/(n/(-4)).
7
Let o = 1011 - -529. List the prime factors of o.
2, 5, 7, 11
Let b = -2 + 4. Suppose -b*d + 0*d + 4 = 0. Suppose 0*v = -d*v + 24. What are the prime factors of v?
2, 3
Let p(c) be the second derivative of c**5/20 + 11*c**4/12 - c**3/2 - 11*c**2/2 - c. What are the prime factors of p(-6)?
11, 17
Let a = -887 + -491. Let p = a + 600. List the prime factors of p/(-18) - (-22)/(-99).
43
Suppose k - 30 = -h + 4*h, h = 4*k - 21. List the prime factors of (h + 8)*92/(-4 + 2).
2, 23
Let v(t) = 4*t**2 + 4. Let r be v(-5). Let q = -45 + r. List the prime factors of q.
59
Suppose -1501 = z + 4*z + 3*f, -2*z - 5*f - 589 = 0. Let g = -179 - z. What are the prime factors of g?
3, 41
Let g = -30 + 21. Let t = -4 - g. Suppose 3*k = -4*s + 49, -2*s + t*k + 44 = s. List the prime factors of s.
13
Let o(y) = -6*y**3 - 6*y**2 + 23*y + 118. List the prime factors of o(-8).
2, 3, 19, 23
Suppose 0 = -3*z + 2 - 2. Suppose 207 = 3*b + 5*n, z = -4*n - 3 - 9. What are the prime factors of b?
2, 37
Let u(a) = -16*a - 3*a**2 - 7 + 2*a**2 - 6 - 3. List the prime factors of u(-6).
2, 11
Let b(s) = -s + 1. Let i be b(-1). Suppose 0 = 7*r - i*r + 100. What are the prime factors of r/(-6) + (-4)/12?
3
Let w be ((-8)/12)/(2/12*-2). Suppose 0 = w*q + 4*z - 70, 6*q - 7*q + 3*z = -55. What are the prime factors of q?
43
Suppose 0 = -3*g - 30 - 36. Let a = g - -27. List the prime factors of (-1)/a + (-1155)/(-25).
2, 23
Suppose g - 127 = 5*a, -3*g - 196 = -3*a - 529. Let s = g + 84. List the prime factors of s.
191
Let g(f) be the first derivative of f**3/3 - f**2/2 + 5*f - 1. Suppose -5*h + 6 = -2*q - 7*h, 0 = q + 2*h. List the prime factors of g(q).
47
Suppose -2*v + 3*j = 14, -8 = v - 6*j + 4*j. Let m(d) = -11*d - 7. What are the prime factors of m(v)?
37
Suppose -21 = -d - 3*q, 0 = -3*d + 2*q + 3*q + 63. Suppose -900 = 16*m - d*m. What are the prime factors of m?
2, 3, 5
Suppose -5*h + 5496 = -4*w + 8*w, 0 = 3*h - 3*w - 3276. List the prime factors of